{"id":207,"date":"2021-04-23T16:03:49","date_gmt":"2021-04-23T14:03:49","guid":{"rendered":"http:\/\/localhost:8000\/?page_id=207"},"modified":"2021-09-24T16:33:29","modified_gmt":"2021-09-24T14:33:29","slug":"unternehmen","status":"publish","type":"page","link":"https:\/\/momatec.de\/?page_id=207","title":{"rendered":"Unternehmen"},"content":{"rendered":"\n<h2 class=\"wp-block-heading\">Leitbild<\/h2>\n\n\n\n<p>Die <strong>momatec<\/strong> GmbH verfolgt das Ziel, den Interessensausgleich zwischen den konkurrierenden Aufgaben &#8222;Sicherung der Mobilit\u00e4t&#8220; und &#8222;Verantwortungsvoller Umgang mit den Ressourcen&#8220; zu schaffen. Mobilit\u00e4t ist ein Grundbed\u00fcrfnis. Menschen, die sich begegnen, k\u00f6nnen Freundschaften und Gesch\u00e4ftsbeziehungen eingehen.<\/p>\n\n\n\n<div class=\"wp-block-cover alignfull\" style=\"min-height:640px;aspect-ratio:unset;\"><img loading=\"lazy\" decoding=\"async\" width=\"4608\" height=\"2592\" class=\"wp-block-cover__image-background wp-image-424\" alt=\"\" src=\"https:\/\/momatec.de\/wp-content\/uploads\/2021\/08\/P_und_r.png\" data-object-fit=\"cover\" srcset=\"https:\/\/momatec.de\/wp-content\/uploads\/2021\/08\/P_und_r.png 4608w, https:\/\/momatec.de\/wp-content\/uploads\/2021\/08\/P_und_r-300x169.png 300w, https:\/\/momatec.de\/wp-content\/uploads\/2021\/08\/P_und_r-1024x576.png 1024w, https:\/\/momatec.de\/wp-content\/uploads\/2021\/08\/P_und_r-768x432.png 768w, https:\/\/momatec.de\/wp-content\/uploads\/2021\/08\/P_und_r-1536x864.png 1536w, https:\/\/momatec.de\/wp-content\/uploads\/2021\/08\/P_und_r-2048x1152.png 2048w\" sizes=\"auto, (max-width: 4608px) 100vw, 4608px\" \/><div class=\"wp-block-cover__inner-container is-layout-flow wp-block-cover-is-layout-flow\">\n<p class=\"has-text-align-center mmt_header_slogan has-text-color has-large-font-size\" style=\"color:#ffffff\"> momatec steht f\u00fcr den qualit\u00e4ts&shy;gesteuerten Interessens&shy;ausgleich von Mobilit\u00e4t und Ressourcen&shy;schonung.  <\/p>\n<\/div><\/div>\n\n\n\n<div style=\"height:32px\" aria-hidden=\"true\" class=\"wp-block-spacer\"><\/div>\n\n\n\n<p>Die <strong>momatec<\/strong> GmbH verf\u00fcgt \u00fcber Wissen, Erfahrungen und Werkzeuge, wie mit widerspr\u00fcchlichen Zielfunktionen umgegangen werden kann, wie ein Interessensausgleich gefunden und fortgeschrieben wird, wie das tagt\u00e4gliche Management von Stra\u00dfe und Verkehr dieses anspruchsvolle, gesellschaftliche Ziel absichern kann.<\/p>\n\n\n\n<div style=\"height:32px\" aria-hidden=\"true\" class=\"wp-block-spacer\"><\/div>\n\n\n\n<div class=\"wp-block-group alignfull has-text-color has-background is-layout-flow wp-block-group-is-layout-flow\" style=\"background-color:#edf2fb;color:#19377a\"><div class=\"wp-block-group__inner-container\">\n<p><\/p>\n\n\n\n<p class=\"has-text-color has-large-font-size\" style=\"color:#19377a\">Wir sind mittelst\u00e4ndisch, unabh\u00e4ngig<strong> <\/strong>und eigenfinanziert.<\/p>\n\n\n\n<p><\/p>\n<\/div><\/div>\n\n\n\n<div style=\"height:32px\" aria-hidden=\"true\" class=\"wp-block-spacer\"><\/div>\n\n\n\n<h2 class=\"wp-block-heading\">Team<\/h2>\n\n\n\n<p>Unsere besondere St\u00e4rke besteht in der integrierten Betrachtung der verkehrstechnischen Anforderungen und der zur Probleml\u00f6sung geeigneten Methoden aus der Mathematik, dem Verkehrsingenieurwesen, dem Operations Research, der Wirtschaftsinformatik und der Informationstechnik.<\/p>\n\n\n\n<p>Das <strong>momatec<\/strong>-Team ist interdisziplin\u00e4r ausgerichtet.<\/p>\n\n\n\n<h2 class=\"wp-block-heading\">Gesch\u00e4ftsf\u00fchrung<\/h2>\n\n\n\n<p>Dr. Heribert Kirschfink<\/p>\n\n\n\n<h2 class=\"wp-block-heading\">Mitgliedschaften<\/h2>\n\n\n\n<p><img loading=\"lazy\" decoding=\"async\" width=\"150\" height=\"71\" class=\"wp-image-419\" style=\"width: 150px;\" src=\"https:\/\/momatec.de\/wp-content\/uploads\/2021\/08\/kim_logo.png\" alt=\"\" srcset=\"https:\/\/momatec.de\/wp-content\/uploads\/2021\/08\/kim_logo.png 601w, https:\/\/momatec.de\/wp-content\/uploads\/2021\/08\/kim_logo-300x142.png 300w\" sizes=\"auto, (max-width: 150px) 100vw, 150px\" \/> <a href=\"http:\/\/kim-strasse.de\">Kompetenz\u00adplatt\u00adform Kommunales Infra\u00adstruktur\u00admanage\u00adment Stra\u00dfe e.V.<\/a><\/p>\n\n\n\n<p><\/p>\n\n\n\n<p><img loading=\"lazy\" decoding=\"async\" width=\"80\" height=\"109\" class=\"wp-image-746\" style=\"width: 80px;\" src=\"https:\/\/momatec.de\/wp-content\/uploads\/2021\/09\/logo_fgsv1.png\" alt=\"\"> <a href=\"https:\/\/www.fgsv.de\/start\/\">Forschungsgesellschaft f\u00fcr Stra\u00dfen- und Verkehrswesen e. V. (FGSV)<\/a><\/p>\n","protected":false},"excerpt":{"rendered":"<p>Leitbild Die momatec GmbH verfolgt das Ziel, den Interessensausgleich zwischen den konkurrierenden Aufgaben &#8222;Sicherung der Mobilit\u00e4t&#8220; und &#8222;Verantwortungsvoller Umgang mit den Ressourcen&#8220; zu schaffen. Mobilit\u00e4t ist ein Grundbed\u00fcrfnis. Menschen, die sich begegnen, k\u00f6nnen Freundschaften und Gesch\u00e4ftsbeziehungen eingehen. Die momatec GmbH verf\u00fcgt \u00fcber Wissen, Erfahrungen und Werkzeuge, wie mit widerspr\u00fcchlichen Zielfunktionen umgegangen werden kann, wie ein &hellip;<\/p>\n<p class=\"read-more\"> <a class=\"\" href=\"https:\/\/momatec.de\/?page_id=207\"> <span class=\"screen-reader-text\">Unternehmen<\/span> Weiterlesen &raquo;<\/a><\/p>\n","protected":false},"author":1,"featured_media":0,"parent":0,"menu_order":0,"comment_status":"closed","ping_status":"closed","template":"","meta":{"_uag_custom_page_level_css":"","site-sidebar-layout":"default","site-content-layout":"default","ast-global-header-display":"","ast-banner-title-visibility":"","ast-main-header-display":"","ast-hfb-above-header-display":"","ast-hfb-below-header-display":"","ast-hfb-mobile-header-display":"","site-post-title":"","ast-breadcrumbs-content":"","ast-featured-img":"","footer-sml-layout":"","theme-transparent-header-meta":"default","adv-header-id-meta":"","stick-header-meta":"","header-above-stick-meta":"","header-main-stick-meta":"","header-below-stick-meta":"","footnotes":""},"class_list":["post-207","page","type-page","status-publish","hentry"],"uagb_featured_image_src":{"full":false,"thumbnail":false,"medium":false,"medium_large":false,"large":false,"1536x1536":false,"2048x2048":false},"uagb_author_info":{"display_name":"momatec","author_link":"https:\/\/momatec.de\/?author=1"},"uagb_comment_info":0,"uagb_excerpt":"Leitbild Die momatec GmbH verfolgt das Ziel, den Interessensausgleich zwischen den konkurrierenden Aufgaben &#8222;Sicherung der Mobilit\u00e4t&#8220; und &#8222;Verantwortungsvoller Umgang mit den Ressourcen&#8220; zu schaffen. Mobilit\u00e4t ist ein Grundbed\u00fcrfnis. Menschen, die sich begegnen, k\u00f6nnen Freundschaften und Gesch\u00e4ftsbeziehungen eingehen. Die momatec GmbH verf\u00fcgt \u00fcber Wissen, Erfahrungen und Werkzeuge, wie mit widerspr\u00fcchlichen Zielfunktionen umgegangen werden kann, wie ein&hellip;","_links":{"self":[{"href":"https:\/\/momatec.de\/index.php?rest_route=\/wp\/v2\/pages\/207","targetHints":{"allow":["GET"]}}],"collection":[{"href":"https:\/\/momatec.de\/index.php?rest_route=\/wp\/v2\/pages"}],"about":[{"href":"https:\/\/momatec.de\/index.php?rest_route=\/wp\/v2\/types\/page"}],"author":[{"embeddable":true,"href":"https:\/\/momatec.de\/index.php?rest_route=\/wp\/v2\/users\/1"}],"replies":[{"embeddable":true,"href":"https:\/\/momatec.de\/index.php?rest_route=%2Fwp%2Fv2%2Fcomments&post=207"}],"version-history":[{"count":28,"href":"https:\/\/momatec.de\/index.php?rest_route=\/wp\/v2\/pages\/207\/revisions"}],"predecessor-version":[{"id":753,"href":"https:\/\/momatec.de\/index.php?rest_route=\/wp\/v2\/pages\/207\/revisions\/753"}],"wp:attachment":[{"href":"https:\/\/momatec.de\/index.php?rest_route=%2Fwp%2Fv2%2Fmedia&parent=207"}],"curies":[{"name":"wp","href":"https:\/\/api.w.org\/{rel}","templated":true}]}}